e remainder when 12666457 is divided by 1651?
1636
What is the remainder when 45897574 is divided by 8?
6
What is the remainder when 10337193 is divided by 1942?
1869
Calculate the remainder when 5571685 is divided by 55716.
85
What is the remainder when 411655 is divided by 137194?
73
What is the remainder when 572980 is divided by 44040?
460
What is the remainder when 2060848 is divided by 2060845?
3
Calculate the remainder when 34976423 is divided by 813405.
8
Calculate the remainder when 100164 is divided by 49582.
1000
Calculate the remainder when 4577644 is divided by 589.
525
What is the remainder when 36782698 is divided by 19?
9
Calculate the remainder when 225649 is divided by 931.
347
What is the remainder when 90890 is divided by 6983?
111
Calculate the remainder when 18189792 is divided by 105.
12
Calculate the remainder when 451927 is divided by 2099.
642
What is the remainder when 10850066 is divided by 366?
362
What is the remainder when 591627 is divided by 20373?
810
Calculate the remainder when 432335 is divided by 1794.
1775
Calculate the remainder when 4639512 is divided by 58728.
0
Calculate the remainder when 4030493 is divided by 508.
21
Calculate the remainder when 175770 is divided by 2443.
2317
Calculate the remainder when 28258964 is divided by 9.
8
Calculate the remainder when 6230082 is divided by 816.
738
What is the remainder when 2111877 is divided by 1283?
59
Calculate the remainder when 144406 is divided by 1154.
156
What is the remainder when 608167 is divided by 14143?
18
Calculate the remainder when 2383 is divided by 19.
8
What is the remainder when 153494 is divided by 7044?
5570
Calculate the remainder when 1995816 is divided by 166.
164
Calculate the remainder when 63117 is divided by 184.
5
Calculate the remainder when 838298 is divided by 2794.
98
Calculate the remainder when 3382838 is divided by 2295.
8
Calculate the remainder when 252293 is divided by 252292.
1
What is the remainder when 193641 is divided by 242?
41
Calculate the remainder when 1057860 is divided by 528750.
360
What is the remainder when 7036985 is divided by 234566?
5
Calculate the remainder when 981711 is divided by 1421.
1221
Calculate the remainder when 2539825 is divided by 301.
288
Calculate the remainder when 8147567 is divided by 624.
623
What is the remainder when 503359 is divided by 1569?
1279
Calculate the remainder when 56661 is divided by 1620.
1581
Calculate the remainder when 4182777 is divided by 2091382.
13
Calculate the remainder when 919108 is divided by 83303.
2775
What is the remainder when 510177 is divided by 509909?
268
Calculate the remainder when 644970 is divided by 3241.
11
Calculate the remainder when 83896242 is divided by 83896238.
4
What is the remainder when 1089862 is divided by 17028?
70
Calculate the remainder when 5490239 is divided by 61.
56
Calculate the remainder when 232136574 is divided by 1436.
1430
What is the remainder when 19670 is divided by 103?
100
Calculate the remainder when 2170554 is divided by 316.
266
Calculate the remainder when 272766188 is divided by 11859399.
11
What is the remainder when 64137122 is divided by 1233406?
10
What is the remainder when 67966 is divided by 22467?
565
What is the remainder when 6312871 is divided by 191295?
136
What is the remainder when 256943826 is divided by 43?
35
What is the remainder when 229287 is divided by 45856?
7
What is the remainder when 294838071 is divided by 49139677?
9
Calculate the remainder when 3577077 is divided by 19883.
18020
What is the remainder when 948922 is divided by 639?
7
Calculate the remainder when 813646 is divided by 203411.
2
What is the remainder when 251952591 is divided by 20459?
6
What is the remainder when 42825906 is divided by 286?
266
What is the remainder when 193597 is divided by 38438?
1407
Calculate the remainder when 1670356 is divided by 556468.
952
Calculate the remainder when 233982 is divided by 7283.
926
Calculate the remainder when 30808313 is divided by 14.
11
Calculate the remainder when 27163669 is divided by 245.
29
Calculate the remainder when 480602 is divided by 11442.
38
Calculate the remainder when 52555621 is divided by 70.
41
What is the remainder when 2198078 is divided by 849?
17
What is the remainder when 1764496 is divided by 11?
8
What is the remainder when 2085079 is divided by 11?
7
What is the remainder when 8618336 is divided by 2178?
2168
What is the remainder when 8110 is divided by 597?
349
What is the remainder when 1050150 is divided by 1119?
528
What is the remainder when 271876480 is divided by 67?
61
What is the remainder when 744330 is divided by 1541?
27
Calculate the remainder when 383216 is divided by 1619.
1132
Calculate the remainder when 112873 is divided by 11268.
193
What is the remainder when 512340 is divided by 555?
75
Calculate the remainder when 5088766 is divided by 60.
46
What is the remainder when 716634 is divided by 1322?
110
Calculate the remainder when 423676 is divided by 423662.
14
Calculate the remainder when 17953027 is divided by 37.
35
What is the remainder when 19992458 is divided by 4333?
4329
Calculate the remainder when 884595 is divided by 73692.
291
What is the remainder when 1289158 is divided by 90?
88
Calculate the remainder when 296467 is divided by 232.
203
What is the remainder when 142689111 is divided by 105?
96
Calculate the remainder when 37586600 is divided by 15.
5
What is the remainder when 3296786 is divided by 21?
17
What is the remainder when 48913 is divided by 2418?
553
What is the remainder when 36974 is divided by 12321?
11
What is the remainder when 1987122 is divided by 11?
5
What is the remainder when 638712 is divided by 79827?
96
What is the remainder when 205297558 is divided by 195?
193
What is the remainder when 7356483 is divided by 523?
488
Calculate the remainder when 1429417 is divided by 357347.
29
Calculate the remainder when 5699970 is divided by 7393.
7360
Calculate the remainder when 47885 is divided by 1864.
1285
Calculate the remainder when 262322515 is divided by 2811.
2806
What is the remainder when 659037 is divided by 1862?
1751
What is the remainder when 12178153 is divided by 55863?
19
What is the remainder when 15601 is divided by 7766?
69
What is the remainder when 23470802 is divided by 23470799?
3
Calculate the remainder when 13983243 is divided by 272.
267
Calculate the remainder when 32434 is divided by 2776.
1898
Calculate the remainder when 6211070 is divided by 295763.
47
What is the remainder when 162162720 is divided by 37?
8
Calculate the remainder when 21781 is divided by 29.
2
What is the remainder when 364791 is divided by 6923?
4795
Calculate the remainder when 1844861 is divided by 177.
167
What is the remainder when 12191172 is divided by 166?
132
Calculate the remainder when 19839405 is divided by 492.
489
What is the remainder when 828075 is divided by 761?
107
Calculate the remainder when 1254693 is divided by 343.
342
What is the remainder when 13983753 is divided by 211875?
3
What is the remainder when 423830 is divided by 446?
130
Calculate the remainder when 3261603 is divided by 125.
103
What is the remainder when 881674 is divided by 220416?
10
What is the remainder when 102829 is divided by 5562?
2713
What is the remainder when 4739591 is divided by 10509?
32
What is the remainder when 3850919 is divided by 22?
17
What is the remainder when 13188 is divided by 885?
798
Calculate the remainder when 202908 is divided by 4718.
34
Calculate the remainder when 148114 is divided by 7403.
54
Calculate the remainder when 7668033 is divided by 65.
48
What is the remainder when 114149 is divided by 527?
317
Calculate the remainder when 57463833 is divided by 2999.
2993
Calculate the remainder when 1534940670 is divided by 23.
20
What is the remainder when 11248765 is divided by 105?
10
What is the remainder when 337845395 is divided by 6636?
6635
Calculate the remainder when 5130756 is divided by 235.
1
What is the remainder when 512497223 is divided by 184?
183
What is the remainder when 281420 is divided by 2385?
2375
What is the remainder when 1604769 is divided by 23?
13
What is the remainder when 2172497 is divided by 543113?
45
What is the remainder when 41